0.
80
Let p be ((-4790)/(-40))/((-1)/(2 + 2)). Let j = -474 - p. Let q = 2 - 1. Calculate the highest common divisor of j and q.
1
Let m(r) = -r**2 + 73*r - 428. Let q be m(66). What is the greatest common factor of q and 238?
34
Let i = 2416 + -2273. Let y = 135 + -91. Calculate the highest common factor of y and i.
11
Suppose 3*o - 2*a + 1595 = 0, 300 + 760 = -2*o + 3*a. Suppose -3 = 3*w, -3*w = 3*c + 999 + 120. Let h = c - o. What is the highest common divisor of h and 23?
23
Let c(o) = o**3 - 5*o**2 - 18*o + 17. Let m be c(8). Let f be (8/8 - 2)*0 - -1235. Calculate the greatest common factor of m and f.
65
Let p be (3 - -4) + (0 - (-12)/(-3)). Suppose 1044 = p*h + 21. Calculate the greatest common divisor of h and 11.
11
Let y(c) = -561*c**3 + 8*c**2 + 7*c + 8. Let o be y(-1). Calculate the greatest common divisor of o and 1330.
190
Let t = -519 - -523. Suppose 29 = 2*b - f - 34, t*b - f - 123 = 0. What is the highest common divisor of b and 510?
30
Suppose -9 + 40 = i. Suppose 3*o + 5*v - 171 = 0, -16*v = -3*o - 15*v + 189. Calculate the greatest common divisor of i and o.
31
Suppose 5*n = 212 - 42. Let y be (n/(-8))/(6/(-24)). Let i be 2*(-1 - 621/(-9)). Calculate the greatest common factor of i and y.
17
Suppose -2*v = -n + 232 - 165, 0 = 5*n + 5*v - 410. What is the highest common divisor of 1958 and n?
11
Let h be (-1)/(-3)*(-4410)/(-2). Calculate the greatest common divisor of 45 and h.
15
Let m be (-2 - -67) + (-3)/1. Let g = -564 + 626. What is the highest common divisor of g and m?
62
Let j = 303 - 659. Let l = -337 - j. Let b = 34 - 15. What is the greatest common divisor of b and l?
19
Suppose 3*m - 225 = 5*l, m - 61 = -4*l - 3. Suppose 8*s + m = s. Let q(g) = -g - 4. Let p be q(s). Calculate the highest common factor of 6 and p.
6
Suppose 630 = 2*d + 5*d. Let f = d + -77. Suppose f*v - 42 = 101. What is the highest common factor of 55 and v?
11
Let t = 31 - 11. Suppose 11*g + 0*g + 22*g = 5280. What is the highest common factor of t and g?
20
Let n(s) = 21*s**2 - 770*s - 3855. Let y be n(-5). Let i = -21 - -34. Calculate the highest common factor of i and y.
13
Suppose -4498 - 7393 = -2*u + 5*r, 4*u = -4*r + 23684. Calculate the highest common divisor of 390 and u.
78
Suppose 5*r - 123 = -4*y, -5*y - r + 78 = -60. Let d(m) = -m**2 + 40*m + 37640. Let j be d(215). Calculate the greatest common factor of j and y.
3
Let m = 20352 - 20310. Suppose 5*j - 72 - 1549 = -4*t, 5*j + 1571 = 4*t. Calculate the highest common divisor of t and m.
21
Let a(f) = f**3 + 25*f**2 - 28*f - 55. Let c be a(-26). Let m be (-26)/(-5 - c) - 1. Calculate the highest common divisor of m and 114.
6
Suppose 0 = -41*t + 145 + 1208. What is the greatest common factor of 24 and t?
3
Suppose -123*l - 14500 = -76492. Calculate the greatest common factor of l and 576.
72
Let b(u) = -5*u**3 - 3*u**2 + 3*u - 4. Let a be b(3). Let g = 171 + a. What is the highest common factor of 21 and g?
7
Suppose 81*r - 46*r = 245. Let l be 7 - (0/(-1) + 2). Suppose l*c = r*c - 168. What is the highest common factor of 21 and c?
21
Let t(y) = 14*y**2 + 18*y + 120. Let j be t(-5). What is the greatest common divisor of j and 1710?
190
Let w(h) = h**3 - 6*h**2 + 23*h + 102. Let l be w(7). What is the greatest common factor of l and 24?
24
Let g = 3478 + -3461. Calculate the greatest common divisor of g and 1445.
17
Let y(r) = -1072*r - 442. Let l be y(-3). Calculate the highest common divisor of 19 and l.
19
Suppose -40*v + 33637 + 17843 = 0. What is the highest common divisor of v and 936?
117
Let h = 68 - 58. Let m be -8*(12/16 + -1). Suppose 0 = -0*w + m*w - 40. What is the greatest common factor of w and h?
10
Let p be 675/(-6)*(1 + -5 - -2). What is the greatest common factor of p and 8505?
45
Let l be 4 + (-16 - -4)/4 - -14. Suppose -6323 + 2363 = -24*z. What is the highest common divisor of l and z?
15
Let l = 18975 + -12787. Suppose -18*h + l = 8*h. What is the greatest common divisor of 7 and h?
7
Let s(t) = -t**3 + 7*t**2 + 14*t + 12. Let l be s(8). Let k = -6 - -51. What is the highest common factor of l and k?
15
Suppose 0 = -5*s - 4*m + 21, -14*s + 11*s = -5*m - 20. Suppose -q - 2*t + 6 = -23, -s*q - t + 163 = 0. Calculate the greatest common factor of q and 143.
11
Let m be ((-6)/7)/((-60)/6 - (-414)/42). Calculate the highest common factor of 750 and m.
6
Let q be (-2 - -1) + -6 + 27. Let x(c) = c**3 - c**2 - 17*c + 38. Let r be x(2). What is the highest common factor of q and r?
4
Suppose -r - 3 = -6. Suppose 39*c - 20678 = -55466. Let i = 913 + c. What is the highest common factor of r and i?
3
Suppose -28893 = -335*k + 11307. Calculate the highest common divisor of 690 and k.
30
Let t(m) = 58*m + 6. Let x be t(2). Let v = -45 + x. Calculate the greatest common divisor of v and 44.
11
Suppose 18 = 8*g - 6. Suppose 0 = -15*w + 1378 + 1502. What is the greatest common factor of g and w?
3
Let c be 972/27 + -1 + -8. Suppose 5*i = -14 + 194. What is the greatest common divisor of c and i?
9
Let r(w) = -133*w - 724. Let l be r(-6). Suppose -5*t = -4*d - 1106, -5*d = -3*t - d + 662. Calculate the greatest common divisor of l and t.
74
Let w = 48 - 58. Let d be (1/6*10)/(w/(-30)). Calculate the highest common factor of d and 20.
5
Let i = -18984 + 30008. What is the greatest common divisor of i and 208?
208
Let p(z) = -z**2 + 16*z + 15. Let m be p(9). Suppose -m = -15*s + 57. What is the greatest common factor of 6 and s?
3
Suppose 4*b + 2*g - 9256 = 0, -5*b - 9*g = -11*g - 11552. What is the greatest common divisor of 476 and b?
68
Let a = 100 - 98. Suppose a*t - 46 = -4*g, -t + 2*t = -5. Suppose 186 - 32 = g*v. Calculate the highest common factor of 55 and v.
11
Suppose 2*y + 4 = 3*x, -5*y = -3*x + 3 + 7. Suppose -5*r + 15 = x, -5*d = -0*r + 5*r - 2050. What is the highest common divisor of 11 and d?
11
Let l(p) = -79*p - 24 + 82*p - 2. Let u be l(10). Suppose 4*j + 30 = w, -u*w - 70 = j - 173. What is the greatest common divisor of 260 and w?
26
Let b = -2800 + 3056. Calculate the greatest common divisor of b and 400.
16
Suppose -2*i + 2*a + 6 + 2 = 0, i + a = 0. Let c be (i/5)/((-2)/10). Let n be c/(4 - 164/40). What is the greatest common factor of n and 180?
20
Let i(y) = 638*y - 6998. Let z be i(11). Suppose 0*q = -2*q + 610. Suppose a - q = -5*b, 0 = -a - 2 + 7. What is the greatest common factor of z and b?
20
Let p be (-2754)/85*(-11)/((-66)/(-200)). Calculate the highest common divisor of 300 and p.
60
Suppose -22*o + 12 = -20*o. Let l be (0/8)/(o - 1) - -138. Calculate the greatest common divisor of l and 12.
6
Let m = 66 - 47. Suppose -3*w = -56 - 124. Let f be w - (-8 + 4)/((-8)/6). What is the highest common factor of f and m?
19
Suppose 0 = 4*u + 4*u - 3*u. Suppose 4*x + 1181 - 3617 = u. What is the highest common divisor of x and 58?
29
Let v = 3255 - 2952. Calculate the highest common factor of v and 1.
1
Suppose 8*c - 24 + 8 = 0. Suppose -60 = c*r + 4*l, 3*l = 6*l. Let u be 3/(-5)*1*r. What is the highest common factor of u and 162?
18
Suppose 132 = 4*q - 1188. Suppose -4*c - 5*m + 185 = 0, 4*c + 154*m - 150*m - 172 = 0. What is the highest common factor of q and c?
30
Suppose 119*u + 8968 = 82*u + 79638. What is the greatest common factor of u and 70?
10
Let d = -59 - -103. Suppose 2*u + 282 = -454. Let y = -16 - u. What is the highest common factor of y and d?
44
Let l = 19595 + -19120. Let c = -6 + 25. Calculate the highest common factor of l and c.
19
Let c = 283 - 276. Suppose -3*a + c*a - 56 = 0. What is the highest common factor of 238 and a?
14
Let c = 12790 + -12716. Calculate the greatest common divisor of 11766 and c.
74
Let x(r) = r**2 + r - 2. Let g be x(-4). Suppose -7 = -m - z, -3*m + z - 8 = -17. What is the highest common divisor of m and g?
2
Let a be (-88)/(-5) + (-1052)/(-2630). Calculate the highest common divisor of 5214 and a.
6
Let c(h) = h**3 - 2*h**2 - 2*h. Suppose -3*b - 11 = -20. Let g be c(b). Suppose 1 = -g*q + 82. What is the greatest common divisor of 108 and q?
27
Suppose 2*a + u = -1 - 5, 0 = -a + u - 6. Let s be -3*a/(-48) + 343/(-4). Let z = 89 + s. Calculate the highest common factor of 36 and z.
3
Suppose -3*m + 15 = 0, -8524 = -253*d + 249*d + 4*m. Calculate the greatest common divisor of 48 and d.
24
Let z 